3 + -17284. What is the remainder when 887 is divided by j?
249
Let w(z) = -4*z - 3. Let c(b) = -b + 1. Let r(v) = 15*c(v) - 5*w(v). Let u be r(-6). Calculate the remainder when (1 + u)/((-2)/(-6))*1 is divided by 3.
0
Suppose -2*i - 31*i + 66 = 0. Let w(y) = -23*y - 44. Calculate the remainder when w(-2) is divided by i.
0
Let v(b) = b**2 - 68*b + 914. What is the remainder when 1902 is divided by v(18)?
12
Suppose -97*o + 151*o = 1728. What is the remainder when 2588 is divided by o?
28
Let f be (2730/117)/(2/(-3)). Let y = -10 - f. Calculate the remainder when 147 is divided by y.
22
Let p be (-22 - 0 - -4) + (-3 - -4). Let a(s) = 6*s + 156. Calculate the remainder when 267 is divided by a(p).
51
Suppose -2*d + 5*d - 633 = -3*b, -5*b + 643 = 3*d. Let k = d - 152. What is the remainder when k is divided by 19?
16
Suppose -56*y = -132352 - 47520. What is the remainder when y is divided by 21?
20
Suppose 3*i - 15 = 0, -11*i + 8*i + 189 = 2*k. What is the remainder when 192 is divided by k?
18
Let s = 1707 - 1600. What is the remainder when s is divided by (-87)/(-6) - (-1)/(-2)?
9
Suppose 467 = o - 5*f, 3*f + 1953 = 3*o + o. Let q = o + -485. Calculate the remainder when 25 is divided by q.
4
Let q(u) = 42*u + 1. Suppose -4*x + 5865 = 7*h, -1175*x - 3356 = -4*h - 1177*x. Calculate the remainder when h is divided by q(2).
82
Let l(d) = 75*d**2 + 144*d + 473. Calculate the remainder when l(-3) is divided by 12.
8
Suppose 2*a - 2*i - 1192 = 0, 10*a + 2*i + 2974 = 15*a. What is the remainder when a is divided by 43?
35
Suppose -525 = -12*l - 3*i, -218*l + 214*l + 5*i = -229. Calculate the remainder when (-1)/(-2)*0 + 90 is divided by l.
44
Suppose 265*t = 257*t + 360. Let i(y) = -y**2 - 14*y - 28. Calculate the remainder when t is divided by i(-10).
9
Let q be 10/3 - (-2)/(-6). Let c = 730 - 699. Suppose c - q = 7*d. What is the remainder when d is divided by 4?
0
Let s(u) = -u**3 - 9*u**2 + 21*u - 3. Let k be s(-11). Suppose 17 = k*b - 279. Let g = 76 + 32. Calculate the remainder when g is divided by b.
34
Suppose r - 5*m = 790, 4*r + m + m = 2984. Calculate the remainder when 1513 is divided by r.
13
Let w = -1522 + 1904. What is the remainder when w is divided by 194?
188
Suppose 91*b - 8275 = -1541. What is the remainder when 588 is divided by b?
70
Let i = 687 - 440. Suppose 3*y - 5*h - 1082 + 331 = 0, -y + 5*h + i = 0. Calculate the remainder when y is divided by 11.
10
Calculate the remainder when 528 is divided by 2/((-30)/(-1185)) + -3.
72
Let h = 13659 - 13652. What is the remainder when 215 is divided by h?
5
Let m be 211/2 - 4/8. Suppose 2*f = -3*f - m. What is the remainder when 11 is divided by 0/(-1) + f/(-3)?
4
Let d = -9945 - -10039. Calculate the remainder when 840 is divided by d.
88
Let y(z) = -9*z**3 - 12*z**2 - 27*z - 4. Let f = 536 - 540. Calculate the remainder when y(f) is divided by 49.
47
Calculate the remainder when 23/(4347/(-18)) + (-4391)/(-21) is divided by 69.
2
Let l = -172 + 168. Calculate the remainder when 71 is divided by (-360)/105*42/l.
35
Let m(l) = 11*l**3 + 15*l**2 - 14*l - 1. Let c be (6 - 3/1) + 2. Suppose -g - t = -18, 0*g - 5*g + c*t = -80. What is the remainder when g is divided by m(1)?
6
Let r = -25084 - -25642. Calculate the remainder when 2817 is divided by r.
27
Let g = -66 - -75. What is the remainder when 582 is divided by g?
6
Suppose 14*n = -3*n + 1278 + 1697. Calculate the remainder when 605 is divided by n.
80
Suppose -3*j - 2*s = 22, 3*j - 5*s + 12 = -38. What is the remainder when 4 + (-134)/j + 4/(-10) is divided by 5?
2
Suppose 3*v = c + 411, 10*c = 2*v + 4*c - 290. Calculate the remainder when 395 is divided by v.
123
Let f(b) = -5*b + 4. Let o be f(2). Let x(d) = 24*d - 2. Calculate the remainder when x(1) is divided by 5/(-15) + (-32)/o.
2
Let r = 341 - 749. Let d = 615 + r. Calculate the remainder when d is divided by 42.
39
Let r(v) = 6*v**2 + 132*v - 232. Calculate the remainder when r(-57) is divided by 129.
128
Let o = -8318 + 8373. Suppose -20 = -l + 10. Calculate the remainder when o is divided by l.
25
Let p be (-1)/(3/(-9))*-9. Let y = 2 - p. Calculate the remainder when y is divided by 5.
4
Let g(u) be the first derivative of -u**4/2 - 5*u**3/3 - u**2 + 4*u + 58. Calculate the remainder when 16 is divided by g(-2).
0
Suppose -3*f - 6 = -5*d + f, -2*f = -2. Suppose 0 = -3*x - d*x - 4*w + 57, 2*x - 3*w = 32. Calculate the remainder when 87 is divided by x.
9
Let t = -49 + 70. Calculate the remainder when 44 + (-7 + 75/10)*(1 + -9) is divided by t.
19
Suppose 17*g = 5*g. Suppose -19*u - 29*u + 576 = g. What is the remainder when 18 is divided by u?
6
Let x be ((-204)/20)/(7/210). Let a = 561 + x. Let w(b) = 32*b**2 + b - 1. Calculate the remainder when a is divided by w(1).
31
Suppose 3*b = -5*l + 31, -l = 3*b + 2*b - 15. Suppose 0*i + l*i - 215 = 0. What is the remainder when i is divided by (0 - (-135)/6)*(-8)/(-12)?
13
Suppose -4109*b = -4089*b - 1660. Calculate the remainder when b is divided by 42.
41
Let n be 10/6 - 2*(-275)/66. What is the remainder when 1862/n + 4 + (-84)/20 is divided by 27?
24
Let u = 176 - 2. Suppose 14*z - 40 = 4*z. Calculate the remainder when u is divided by z.
2
Let l be (54/(-21))/(15/(-630)). Suppose 2*n - m - l = -6*m, 2*n + 3*m = 104. Calculate the remainder when 107 is divided by n.
9
Let p be ((3 - 4)*(-28 - -5))/1. Let o = p - 18. Calculate the remainder when o*(-2)/(-1 - 1) is divided by 5.
0
Suppose 12 = 3*c, 2*k = -27*c + 22*c + 200. Suppose 0 = -2*q - 3*q + 125. Calculate the remainder when k is divided by q.
15
Let p(w) = w**2 - 8*w - 34. Suppose -73 = -5*u - 3*y - 7, -y - 10 = -u. What is the remainder when 53 is divided by p(u)?
11
Suppose 0 = 6*h + 10 - 82. Suppose d + 4*k - 57 = 0, 5*k - k - h = 0. What is the remainder when d is divided by 16?
13
Let f(y) = -y**3 - 6*y**2 - 6*y + 9. Suppose -5*k - 3*b = -4*k - 17, 2*k - b - 20 = 0. Calculate the remainder when f(-7) is divided by k.
1
Suppose w + 4*u = 37, 4*w = 3*u + 26 + 27. Suppose -5*q - 111 = -x + 122, -x + q + 225 = 0. Let i = -141 + x. Calculate the remainder when i is divided by w.
14
Let p = -988 + 1088. What is the remainder when 796 is divided by p?
96
Let q(g) = -25*g**2 + 4*g + 7. Let v be q(-4). Let j = -400 - v. Calculate the remainder when 62 is divided by j.
8
Let l be 10/50*5*1 - 61. Let k = l + 64. Calculate the remainder when -3*2*10/(-6) is divided by k.
2
Let d = -915 + 1891. What is the remainder when d is divided by 194?
6
Let y = -874 - -887. Let g(l) = -l**3 - 9*l**2 - 10*l - 1. Let m be g(-11). Suppose 24 + m = 5*p. What is the remainder when p is divided by y?
10
Let z = 29 + -13. Suppose 14*v = 4*g + 9*v + 17, -5*v - 10 = 5*g. What is the remainder when g/((-638)/158 + 4) is divided by z?
15
Let p(w) = 64 + 7*w + 58 - 151. Calculate the remainder when (-1 + 134)/(-1 + 2) is divided by p(9).
31
Let s(z) = -4*z**3 - 13*z**2 - z - 8. Calculate the remainder when s(-5) is divided by ((-2)/(-2))/((-2)/(-50)).
22
Let y(a) = 5. Let r(t) = -8*t + 29. Let m(p) = r(p) - 5*y(p). Let d = -10 - -23. What is the remainder when m(-22) is divided by d?
11
Let f = -382 - -407. Calculate the remainder when 46 is divided by f.
21
Let k be (0 - 4 - -1)*17/(-3). Suppose -3*l - 2*z + 51 = 0, -4*l = 2*z - 83 + k. What is the remainder when 49 is divided by l?
4
Let c(a) = a**3 - 99*a**2 - 16*a + 1593. Suppose 0*j + j - 410 = 0. What is the remainder when j is divided by c(99)?
5
Suppose 0 = -3*h + 4*z - 3*z + 348, -2*h - z = -242. Calculate the remainder when h is divided by 15.
13
Let o = -7571 + 8452. Calculate the remainder when o is divided by 355.
171
Suppose 5*r - 169 = -4*n, 0 = 2*r - 5*n - 16 - 45. Suppose -128*q = -125*q - 489. What is the remainder when q is divided by r?
31
Let l(w) = -2*w**2 + 12*w + 19. Let n(d) = 6*d**2 - 36*d - 56. Let a(z) = -8*l(z) - 3*n(z). Calculate the remainder when a(7) is divided by (-3)/12*-2*2.
0
Let r be 2/(16/52)*-32. Let a = -48 - r. What is the remainder when a is divided by 15?
10
Suppose 59*x = 16*x + 473. Let c(a) = -5*a - 2 - 3 - 2*a + a. Calculate the remainder when c(-5) is divided by x.
3
Suppose -294 = -2*c - a, 2*c - 6*a - 294 = -2*a. Let y(r) = -7*r**2 + 33*r**2 + 24*r**2. What is the remainder when c is divide